ulate f(-2).
-3
Let p(y) be the third derivative of y**4/12 + 4*y**3/3 - 180*y**2. Determine p(-8).
-8
Let w be -1*(-6)/(-3) + -2. Let d = -6 - w. Let v(z) = z + 1. Calculate v(d).
-1
Let h be 56/11 + 14/(-154). Let b(a) = 4*a - 1. What is b(h)?
19
Let z(w) = -w**2 + 4*w - 2. Let k(t) = t**3 + 16*t**2 - 161*t + 5. Let d be k(-23). What is z(d)?
-7
Let q be ((-70)/(-4))/(-1 + 6/4). Let w = 44 - q. Let y(u) = -u**3 + 8*u**2 + 10*u - 8. Determine y(w).
1
Let z be 2/5 - (-14)/(-10). Let w = -49 + 47. Let o = w - z. Let v(p) = -6*p**2 - 1. What is v(o)?
-7
Let l(u) be the second derivative of u**5/10 - u**4/2 - 3*u**3/2 - 123*u. Calculate l(4).
-4
Let i(l) = 7*l**2 - 9*l + 5. Let x(u) = -6*u**2 + 9*u - 7. Let g(r) = -5*i(r) - 6*x(r). Give g(4).
-3
Let z(c) = 3*c**3 + 23*c**2 + 3*c - 3. Let a(g) = g**3 + 8*g**2 + g - 1. Let m(f) = 11*a(f) - 4*z(f). Give m(-4).
5
Suppose 0 = 57*r + 66 + 48. Let y(s) be the second derivative of -2*s**3/3 - 3*s**2/2 + s. Give y(r).
5
Suppose -4*v + 15 = -9. Let i(m) be the second derivative of m**4/12 - 5*m**3/6 + 2*m**2 - 6*m + 33. Calculate i(v).
10
Suppose 86*g = 71*g + 60. Let x(y) = y**3 - 4*y**2 + 3*y + 3. Give x(g).
15
Let l(q) = -3*q + 1. Let u(y) = 4*y. Let j(r) = 6*l(r) + 5*u(r). Give j(-6).
-6
Let s(n) = -13*n**2 + 4*n - 8. Let j(i) = 11*i**2 - 4*i + 7. Let y(z) = -6*j(z) - 5*s(z). Determine y(6).
-14
Let g(i) = 2*i**2 - 5*i - 1. Let k(z) = 34*z - 266. Let f be k(8). Give g(f).
41
Let r(h) = -2*h**2 - 6*h + 18. Let u be (-18)/(-4)*(380/(-45))/(-19). Give r(u).
-2
Let s(m) = m**3 + 2*m**2 - 5*m - 3. Let t be s(-3). Let a(x) = 0 - 3 + 4 + t - 3*x. Let y be 4/(-26) + 396/39 + -4. Give a(y).
-14
Let g(l) = -2*l + 70 + 64 - 208 + 67 - 3*l. What is g(-5)?
18
Let a = 3 + 3. Suppose 0 = -a*k - 24 + 12. Let u(c) = 2*c**3 - 2*c + 1. Calculate u(k).
-11
Let t(s) = s**2 + 11*s - 29. Let a be t(-14). Suppose v = 3*v - f - 12, f = -3*v + a. Suppose -o + 9 - v = 0. Let n(w) = -2*w + 2. Give n(o).
-6
Let s(t) = -t**2 - t - 1. Suppose -3*q + 0*q - 165 = 0. Let z = -58 - q. Give s(z).
-7
Let z(f) = -13 + 2*f**2 + 9*f**3 - 10*f**3 - f**2 + f. What is z(0)?
-13
Let u(d) = 16*d**2 - 2*d + 1. Suppose 2*c = 4*v + 7 - 17, -c - v = -4. Give u(c).
15
Let r(b) = 6*b - 1. Let a = -30 - -29. Let m(g) = g - 1. Let t(c) = a*r(c) + 5*m(c). Calculate t(-3).
-1
Let d be 4/6 - 248/93. Let l(i) = 3*i. What is l(d)?
-6
Let k(z) = -z + 13. Let m be k(11). Let n(g) = -7 + g + m - 4. Let a be n(3). Let t(s) = -s**2 - 8*s - 7. Determine t(a).
5
Let d(j) be the third derivative of j**6/120 + j**5/12 - 7*j**4/24 - 2*j**3 - 36*j**2. What is d(-6)?
-6
Let y(b) = 5*b + 1. Let g = -60 + 61. Determine y(g).
6
Let z(g) be the third derivative of g**5/60 + g**4/2 + 2*g**3 - 2*g**2 - 292. Suppose -n - 17 = 5*s + 3, -n - 2*s - 14 = 0. What is z(n)?
-8
Let x(w) = -6*w - 7. Let v(f) = -2*f - 6. Let p be v(0). Give x(p).
29
Let y(x) = -2*x**2 + 3*x + 1 - 2 + 4*x**2. Let o be y(-3). Suppose 2*d - o + 4 = 0. Let s(r) = r**3 - 2*r**2 - 2. Give s(d).
-2
Let b(v) = 3*v**3 + 9*v**2 + 19*v + 7. Let t(x) = -4*x**3 - 9*x**2 - 18*x - 9. Let k(h) = 3*b(h) + 2*t(h). Give k(-5).
-2
Suppose -6*j + 2*j + 32 = 0. Suppose x - j = -5. Let m(q) = -q**2 + 4. Give m(x).
-5
Let a(v) = 1. Let g(w) = -w - 4*w + 18*w. Let k(r) = a(r) + g(r). Let i be 1 + (-3 + 0 - -1). Determine k(i).
-12
Let u(o) = -53*o - 318. Let r be u(-6). Let n(k) be the third derivative of 1/24*k**4 + 7*k**2 + 0 + r*k + 0*k**3 - 1/30*k**5 + 7/120*k**6. Calculate n(1).
6
Let g = -138 - -137. Let a(s) = 14*s**2 + 1. Determine a(g).
15
Let w be (36/(-24))/((-3)/4). Let x(m) = -11*m + 3*m + m**3 + 4 - 5*m**w + 14*m**2. Let d(l) = -l**3 - l**2 + l. Let y(k) = -2*d(k) - x(k). Determine y(6).
-4
Let m(p) = -4*p**2 - p - 1. Let u be -3*(-1)/(-3)*-2. Suppose u*b = 4*o + 14, -4*o = -5*o + 5*b - 26. Give m(o).
-4
Let s(a) = -5*a - 15. Let t be s(26). Let h = t - -149. Let p(u) = u**2 - 3*u - 3. Give p(h).
1
Let u(w) = w**3 + w**2 - 5*w + 2. Suppose -20 = -c + b + b, -3*b = -c + 15. Suppose -36 + c = -2*r. Calculate u(r).
23
Let j(g) be the first derivative of 5*g + 1/4*g**4 + 8 + 5/3*g**3 + 5/2*g**2. Determine j(-4).
1
Suppose -9*i = -13 - 5. Let l = -8 + i. Let o(g) = g**3 + 6*g**2 - g + 3. Determine o(l).
9
Suppose -k + 0*k = 13. Let j(s) = -s**2 - 13*s + 7. Determine j(k).
7
Let s(a) = 25*a + 79. Let g(i) = 6*i + 20. Let j(b) = 9*g(b) - 2*s(b). Let v be j(-5). Let r(l) = 4*l - 2. Determine r(v).
6
Suppose 0 = -2*l - 3*l + 3*g + 12, 5*g = l + 2. Suppose -3*c - 20 = -5*u + 3*u, -2*u - 16 = l*c. Let a(z) = -z**2 - 8*z - 1. Give a(c).
11
Let c(v) = -v - 20. Let u(p) = -p - 18. Let a(n) = 5*c(n) - 6*u(n). Give a(-6).
2
Suppose 2*s - 2*z - 8 = 0, -z = 2*s - 2*z - 10. Let v(d) = 4*d - 9. Determine v(s).
15
Let g(x) = -x**3 - 7*x**2 + 8*x + 7. Let p be g(-8). Let j(c) = 5 - p*c - 5*c + 11*c. Let o = 6 - 3. What is j(o)?
2
Let r(p) = p. Let o(i) = 2*i + 3. Let m(d) = 2*o(d) - 6*r(d). Let u be 6/(-5)*3/(-6)*10. Determine m(u).
-6
Let d(h) be the second derivative of -1/4*h**4 + 0 + 9*h + 1/6*h**3 + 0*h**2 - 1/20*h**5. Calculate d(-3).
-3
Let y = -22 + 25. Suppose 2*x + 2 = y*b, -b - 14 = -2*b - 2*x. Suppose 5*u = l - b*l - 7, -2*u + 3*l = 7. Let c(k) = -3*k - 1. Give c(u).
5
Let o(w) be the second derivative of w**4/12 + 13*w**3/6 + 13*w**2/2 + 481*w. Calculate o(-6).
-29
Let l(j) = 20*j - 89 - 12*j + 92 - 10*j. Let c = 6 + 2. Let y = 13 - c. What is l(y)?
-7
Let l(j) = 19*j + 17. Let k(q) = 6*q + 5. Let n(w) = -7*k(w) + 2*l(w). Determine n(3).
-13
Let h = 0 + 13. Let t(g) = g**2 - h*g + 25*g + 3 - 7*g. Determine t(-6).
9
Let v(x) = 3*x**2 + 3 - 6*x**2 + 4*x**2 - 5*x - 10*x. Let o be v(15). Let l(j) = j**3 - 5*j**2 + 3*j + 4. Calculate l(o).
-5
Let v(b) be the second derivative of -b**4/12 - b**3/6 - 5*b**2/2 - 2*b + 111. Determine v(-4).
-17
Let g(k) = k - 2*k - 3*k + 3*k. Let s(n) = 5*n + 5. Let o(d) = -6*d - 6. Let j(p) = -2*o(p) - 3*s(p). Let b be j(-3). What is g(b)?
-6
Let l(j) = j**2 - 9*j - 4. Let a = 333 - 325. Determine l(a).
-12
Let o(c) = 4*c + 0*c + 4 - 9 - 3*c. Let t be o(6). Let f(q) be the first derivative of -7*q**4/4 + 2*q**3/3 - q**2/2 + 1. Give f(t).
-6
Let k = 0 + -2. Let r(f) be the second derivative of -f**4/24 + 15*f**2 + 22*f. Let o(n) be the first derivative of r(n). Determine o(k).
2
Let y(g) be the third derivative of g**6/120 - g**5/12 + g**4/6 - 5*g**3/6 + 5*g**2. Let w be y(4). Let t(k) = k**3 + 4*k**2 - 6*k - 1. Give t(w).
4
Let n(z) = z**2 - 5*z - 4. Let p(t) = 2*t + 2. Let q(h) = 3*n(h) + 7*p(h). Let f = 21 - 19. What is q(f)?
12
Suppose -6 = -14*k + 15*k. Let l(x) = 14*x**2 - 44*x + 33. Let g(m) = -5*m**2 + 15*m - 11. Let o(d) = k*l(d) - 17*g(d). Give o(-10).
-1
Let v(g) be the first derivative of -g**3/3 + g**2 - 2*g - 1. Suppose 151*n - 153*n + 6 = -2*b, 0 = 2*n + 4*b. What is v(n)?
-2
Let w(f) = -5*f**3 + 8*f**2 - 11*f - 2. Let m(l) = -9*l**3 + 15*l**2 - 21*l - 4. Let h(k) = 6*m(k) - 11*w(k). Give h(-4).
-14
Let i(b) = 10*b**2 + 15*b + 6. Let r(y) = 18*y**2 + 28*y + 13. Let w(o) = -11*i(o) + 6*r(o). What is w(4)?
-8
Let n(b) = b**3 - 4*b**2 - b + 3. Let p(k) = k**3 + 8*k**2 - 10*k - 9. Let w be p(-9). Suppose 3*m + 7 - 16 = w. Let z be (-12)/3*m/(-4). What is n(z)?
-9
Suppose 26*d - 332 = -514. Let s(m) = 6*m + 10. Let v(w) = w. Let n(r) = r**2 - 5. Let a be n(0). Let y(k) = a*v(k) + s(k). Give y(d).
3
Let u(o) be the second derivative of o**4/12 + o**3/2 + 3*o**2/2 + o. Let n be (5/2 - 3)*-2. Let g be n*(-3)/(9/12). Determine u(g).
7
Let w(h) = -h**2 + 0*h**3 + h + 0*h**3 - 6*h**3 + 0*h**2 + 3*h**3. Let m = -2 + 3. Determine w(m).
-3
Let u(p) be the third derivative of -p**5/30 - p**4/6 - p**3/3 - 3*p**2 - p. What is u(-2)?
-2
Let n(i) = -27*i**2 + 4*i - 5. Let s(p) = 25*p**2 - 3*p + 4. Let f(t) = -3*n(t) - 4*s(t). Give f(1).
-20
Suppose r + 7*i - 3*i = 18, -2 = 3*r - 2*i. Suppose r*b - 6*b = 0. Let z(c) = -12*c**2 - 2 - c + b + 3. Calculate z(1).
-12
Let z(g) = 94 - 96 - 6*g - 49*g**2 + 50*g**2. Let t = 57 + -40. Let o = t - 12. Calculate z(o).
-7
Let p(c) = 5 - c**3 + 3*c**3 - c**3 + 8*c + 7*c**2. Suppose 6 = -t + 5*v, -16*t - 24 = -12*t + 5*v. Determine p(t).
-7
Let q(t) = 3*t + 14. Let b = -1319 + 1319. What is q(b)?
14
Let v(i) be the first derivative of i**4/4 + i**3 + 3*i**2/2 - 4